{"id":667,"date":"2020-06-25T13:33:01","date_gmt":"2020-06-25T11:33:01","guid":{"rendered":"http:\/\/blog-formation-apprentissage-construction-batiment-nv-aquitaine.fr\/?page_id=667"},"modified":"2020-06-25T13:37:19","modified_gmt":"2020-06-25T11:37:19","slug":"offres-dapprentissage-electricien","status":"publish","type":"page","link":"https:\/\/blog-formation-apprentissage-construction-batiment.fr\/index.php\/offres-dapprentissage-electricien\/","title":{"rendered":"Offres d&rsquo;apprentissage : \u00e9lectricien"},"content":{"rendered":"[vc_row][vc_column][vc_column_text]\n<div class=\"small-12 large-12\">\n<div class=\"page-title\">\n<div class=\"title underline-title\">\n<h1>ELECTRICIEN H\/FR\u00c9F. 340592<\/h1>\n<\/div>\n<\/div>\n<\/div>\n<div class=\"small-12 large-9 left\">\n<div class=\"grid-container\">\n<div class=\"grid-x grid-padding-x\">\n<div class=\"small-12 medium-6 large-3 qualification-offer\">Gu\u00e9ret (23)<\/div>\n<div class=\"small-12 medium-6 large-3 date-offer\">Publi\u00e9e le 13\/11\/2019<\/div>\n<\/div>\n<\/div>\n<div>\n<h4>DESCRIPTION DU POSTE<\/h4>\n<p>Le GEIQ BTP 23 recrute pour une entreprise adh\u00e9rente un contrat en alternance pour une qualification d&rsquo;\u00e9lectricien\u00a0H\/F.<\/p>\n<p>Vous int\u00e8grerez une entreprise de taille artisanale, travaillant sur des chantiers de particuliers autour de 40 kms du si\u00e8ge de l&rsquo;entreprise.<\/p>\n<p>Vous travaillerez du lundi au vendredi 35h\/semaine.<\/p>\n<p>La formation sera dispens\u00e9e sur la Creuse.<\/p>\n<p>Le GEIQ BTP 23 vous accompagnera dans\u00a0votre mobilit\u00e9 et\u00a0dans votre\u00a0h\u00e9bergement.<\/p>\n<p>Vous aimez le travail en \u00e9quipe, vous \u00eates dynamique et motiv\u00e9 : Postulez sur cette offre!<\/p>\n<\/div>\n<h2>GEIQ BTP 23<\/h2>\n<div class=\" owner-activity\">Le Geiq<strong>\u00a0<\/strong>est un<strong>\u00a0<\/strong>Groupement d\u2019Employeurs<strong>\u00a0<\/strong>pour l\u2019Insertion et la Qualification, une association cr\u00e9\u00e9e en 2001 pilot\u00e9e et g\u00e9r\u00e9e par ses entreprises adh\u00e9rentes, mobilis\u00e9es pour favoriser l\u2019insertion des personnes \u00e9loign\u00e9es<strong>\u00a0<\/strong>du march\u00e9 du travail sur un territoire.<\/div>\n<div class=\"owner-activity-detail\">\n<p>Nous travaillons dans le secteur du b\u00e2timent et des travaux publics.<\/p>\n<p>Nous recherchons des candidats pour des contrats pro ou d\u2019apprentissage\u00a0que nous mettons \u00e0\u00a0disposition dans des entreprises adh\u00e9rentes sur le d\u00e9partement de la Creuse.<\/p>\n<p>Nous accompagnons les candidats dans leur projet professionnel, nous les aidons \u00e0 trouver un organisme de formation, \u00e0 r\u00e9soudre leurs probl\u00e9matiques de mobilit\u00e9 et de logement.<\/p>\n<\/div>\n<p>Pour postuler suivez le lien : <a href=\"https:\/\/emploi.nouvelleaquitaine.construction\/offre\/carreleur-h-f\">https:\/\/emploi.nouvelleaquitaine.construction\/offre\/carreleur-h-f<\/a><\/p>\n<\/div>\n[\/vc_column_text][\/vc_column][\/vc_row]\n","protected":false},"excerpt":{"rendered":"<p>[vc_row][vc_column][vc_column_text] ELECTRICIEN H\/FR\u00c9F. 340592 Gu\u00e9ret (23) Publi\u00e9e le 13\/11\/2019 DESCRIPTION DU POSTE Le GEIQ BTP 23 recrute pour une entreprise adh\u00e9rente un contrat en alternance pour une qualification d&rsquo;\u00e9lectricien\u00a0H\/F. Vous int\u00e8grerez une entreprise de taille artisanale, travaillant sur des chantiers&hellip;<\/p>\n","protected":false},"author":1,"featured_media":0,"parent":0,"menu_order":0,"comment_status":"closed","ping_status":"closed","template":"","meta":{"footnotes":""},"class_list":["post-667","page","type-page","status-publish","hentry","entry","no-media"],"yoast_head":"<!-- This site is optimized with the Yoast SEO plugin v25.3 - https:\/\/yoast.com\/wordpress\/plugins\/seo\/ -->\n<title>Offres d&#039;apprentissage : \u00e9lectricien - Blog formation apprentissage construction b\u00e2timent aquitaine<\/title>\n<meta name=\"robots\" content=\"index, follow, max-snippet:-1, max-image-preview:large, max-video-preview:-1\" \/>\n<link rel=\"canonical\" href=\"https:\/\/blog-formation-apprentissage-construction-batiment.fr\/index.php\/offres-dapprentissage-electricien\/\" \/>\n<meta property=\"og:locale\" content=\"fr_FR\" \/>\n<meta property=\"og:type\" content=\"article\" \/>\n<meta property=\"og:title\" content=\"Offres d&#039;apprentissage : \u00e9lectricien - Blog formation apprentissage construction b\u00e2timent aquitaine\" \/>\n<meta property=\"og:description\" content=\"[vc_row][vc_column][vc_column_text] ELECTRICIEN H\/FR\u00c9F. 340592 Gu\u00e9ret (23) Publi\u00e9e le 13\/11\/2019 DESCRIPTION DU POSTE Le GEIQ BTP 23 recrute pour une entreprise adh\u00e9rente un contrat en alternance pour une qualification d&rsquo;\u00e9lectricien\u00a0H\/F. Vous int\u00e8grerez une entreprise de taille artisanale, travaillant sur des chantiers&hellip;\" \/>\n<meta property=\"og:url\" content=\"https:\/\/blog-formation-apprentissage-construction-batiment.fr\/index.php\/offres-dapprentissage-electricien\/\" \/>\n<meta property=\"og:site_name\" content=\"Blog formation apprentissage construction b\u00e2timent aquitaine\" \/>\n<meta property=\"article:modified_time\" content=\"2020-06-25T11:37:19+00:00\" \/>\n<meta name=\"twitter:card\" content=\"summary_large_image\" \/>\n<meta name=\"twitter:label1\" content=\"Dur\u00e9e de lecture estim\u00e9e\" \/>\n\t<meta name=\"twitter:data1\" content=\"1 minute\" \/>\n<script type=\"application\/ld+json\" class=\"yoast-schema-graph\">{\"@context\":\"https:\/\/schema.org\",\"@graph\":[{\"@type\":\"WebPage\",\"@id\":\"https:\/\/blog-formation-apprentissage-construction-batiment.fr\/index.php\/offres-dapprentissage-electricien\/\",\"url\":\"https:\/\/blog-formation-apprentissage-construction-batiment.fr\/index.php\/offres-dapprentissage-electricien\/\",\"name\":\"Offres d'apprentissage : \u00e9lectricien - Blog formation apprentissage construction b\u00e2timent aquitaine\",\"isPartOf\":{\"@id\":\"https:\/\/blog-formation-apprentissage-construction-batiment.fr\/#website\"},\"datePublished\":\"2020-06-25T11:33:01+00:00\",\"dateModified\":\"2020-06-25T11:37:19+00:00\",\"breadcrumb\":{\"@id\":\"https:\/\/blog-formation-apprentissage-construction-batiment.fr\/index.php\/offres-dapprentissage-electricien\/#breadcrumb\"},\"inLanguage\":\"fr-FR\",\"potentialAction\":[{\"@type\":\"ReadAction\",\"target\":[\"https:\/\/blog-formation-apprentissage-construction-batiment.fr\/index.php\/offres-dapprentissage-electricien\/\"]}]},{\"@type\":\"BreadcrumbList\",\"@id\":\"https:\/\/blog-formation-apprentissage-construction-batiment.fr\/index.php\/offres-dapprentissage-electricien\/#breadcrumb\",\"itemListElement\":[{\"@type\":\"ListItem\",\"position\":1,\"name\":\"Accueil\",\"item\":\"https:\/\/blog-formation-apprentissage-construction-batiment.fr\/\"},{\"@type\":\"ListItem\",\"position\":2,\"name\":\"Offres d&rsquo;apprentissage : \u00e9lectricien\"}]},{\"@type\":\"WebSite\",\"@id\":\"https:\/\/blog-formation-apprentissage-construction-batiment.fr\/#website\",\"url\":\"https:\/\/blog-formation-apprentissage-construction-batiment.fr\/\",\"name\":\"Blog formation apprentissage construction b\u00e2timent aquitaine\",\"description\":\"trouvez votre formation apprentissage dans les m\u00e9tiers du b\u00e2timent en Nouvelle-Aquitaine\",\"publisher\":{\"@id\":\"https:\/\/blog-formation-apprentissage-construction-batiment.fr\/#organization\"},\"potentialAction\":[{\"@type\":\"SearchAction\",\"target\":{\"@type\":\"EntryPoint\",\"urlTemplate\":\"https:\/\/blog-formation-apprentissage-construction-batiment.fr\/?s={search_term_string}\"},\"query-input\":{\"@type\":\"PropertyValueSpecification\",\"valueRequired\":true,\"valueName\":\"search_term_string\"}}],\"inLanguage\":\"fr-FR\"},{\"@type\":\"Organization\",\"@id\":\"https:\/\/blog-formation-apprentissage-construction-batiment.fr\/#organization\",\"name\":\"Blog formation apprentissage construction b\u00e2timent aquitaine\",\"url\":\"https:\/\/blog-formation-apprentissage-construction-batiment.fr\/\",\"logo\":{\"@type\":\"ImageObject\",\"inLanguage\":\"fr-FR\",\"@id\":\"https:\/\/blog-formation-apprentissage-construction-batiment.fr\/#\/schema\/logo\/image\/\",\"url\":\"https:\/\/blog-formation-apprentissage-construction-batiment.fr\/wp-content\/uploads\/2019\/12\/LOGO-apprentissage-et-formation-batiment-construction-5.png\",\"contentUrl\":\"https:\/\/blog-formation-apprentissage-construction-batiment.fr\/wp-content\/uploads\/2019\/12\/LOGO-apprentissage-et-formation-batiment-construction-5.png\",\"width\":736,\"height\":317,\"caption\":\"Blog formation apprentissage construction b\u00e2timent aquitaine\"},\"image\":{\"@id\":\"https:\/\/blog-formation-apprentissage-construction-batiment.fr\/#\/schema\/logo\/image\/\"}}]}<\/script>\n<!-- \/ Yoast SEO plugin. -->","yoast_head_json":{"title":"Offres d'apprentissage : \u00e9lectricien - Blog formation apprentissage construction b\u00e2timent aquitaine","robots":{"index":"index","follow":"follow","max-snippet":"max-snippet:-1","max-image-preview":"max-image-preview:large","max-video-preview":"max-video-preview:-1"},"canonical":"https:\/\/blog-formation-apprentissage-construction-batiment.fr\/index.php\/offres-dapprentissage-electricien\/","og_locale":"fr_FR","og_type":"article","og_title":"Offres d'apprentissage : \u00e9lectricien - Blog formation apprentissage construction b\u00e2timent aquitaine","og_description":"[vc_row][vc_column][vc_column_text] ELECTRICIEN H\/FR\u00c9F. 340592 Gu\u00e9ret (23) Publi\u00e9e le 13\/11\/2019 DESCRIPTION DU POSTE Le GEIQ BTP 23 recrute pour une entreprise adh\u00e9rente un contrat en alternance pour une qualification d&rsquo;\u00e9lectricien\u00a0H\/F. Vous int\u00e8grerez une entreprise de taille artisanale, travaillant sur des chantiers&hellip;","og_url":"https:\/\/blog-formation-apprentissage-construction-batiment.fr\/index.php\/offres-dapprentissage-electricien\/","og_site_name":"Blog formation apprentissage construction b\u00e2timent aquitaine","article_modified_time":"2020-06-25T11:37:19+00:00","twitter_card":"summary_large_image","twitter_misc":{"Dur\u00e9e de lecture estim\u00e9e":"1 minute"},"schema":{"@context":"https:\/\/schema.org","@graph":[{"@type":"WebPage","@id":"https:\/\/blog-formation-apprentissage-construction-batiment.fr\/index.php\/offres-dapprentissage-electricien\/","url":"https:\/\/blog-formation-apprentissage-construction-batiment.fr\/index.php\/offres-dapprentissage-electricien\/","name":"Offres d'apprentissage : \u00e9lectricien - Blog formation apprentissage construction b\u00e2timent aquitaine","isPartOf":{"@id":"https:\/\/blog-formation-apprentissage-construction-batiment.fr\/#website"},"datePublished":"2020-06-25T11:33:01+00:00","dateModified":"2020-06-25T11:37:19+00:00","breadcrumb":{"@id":"https:\/\/blog-formation-apprentissage-construction-batiment.fr\/index.php\/offres-dapprentissage-electricien\/#breadcrumb"},"inLanguage":"fr-FR","potentialAction":[{"@type":"ReadAction","target":["https:\/\/blog-formation-apprentissage-construction-batiment.fr\/index.php\/offres-dapprentissage-electricien\/"]}]},{"@type":"BreadcrumbList","@id":"https:\/\/blog-formation-apprentissage-construction-batiment.fr\/index.php\/offres-dapprentissage-electricien\/#breadcrumb","itemListElement":[{"@type":"ListItem","position":1,"name":"Accueil","item":"https:\/\/blog-formation-apprentissage-construction-batiment.fr\/"},{"@type":"ListItem","position":2,"name":"Offres d&rsquo;apprentissage : \u00e9lectricien"}]},{"@type":"WebSite","@id":"https:\/\/blog-formation-apprentissage-construction-batiment.fr\/#website","url":"https:\/\/blog-formation-apprentissage-construction-batiment.fr\/","name":"Blog formation apprentissage construction b\u00e2timent aquitaine","description":"trouvez votre formation apprentissage dans les m\u00e9tiers du b\u00e2timent en Nouvelle-Aquitaine","publisher":{"@id":"https:\/\/blog-formation-apprentissage-construction-batiment.fr\/#organization"},"potentialAction":[{"@type":"SearchAction","target":{"@type":"EntryPoint","urlTemplate":"https:\/\/blog-formation-apprentissage-construction-batiment.fr\/?s={search_term_string}"},"query-input":{"@type":"PropertyValueSpecification","valueRequired":true,"valueName":"search_term_string"}}],"inLanguage":"fr-FR"},{"@type":"Organization","@id":"https:\/\/blog-formation-apprentissage-construction-batiment.fr\/#organization","name":"Blog formation apprentissage construction b\u00e2timent aquitaine","url":"https:\/\/blog-formation-apprentissage-construction-batiment.fr\/","logo":{"@type":"ImageObject","inLanguage":"fr-FR","@id":"https:\/\/blog-formation-apprentissage-construction-batiment.fr\/#\/schema\/logo\/image\/","url":"https:\/\/blog-formation-apprentissage-construction-batiment.fr\/wp-content\/uploads\/2019\/12\/LOGO-apprentissage-et-formation-batiment-construction-5.png","contentUrl":"https:\/\/blog-formation-apprentissage-construction-batiment.fr\/wp-content\/uploads\/2019\/12\/LOGO-apprentissage-et-formation-batiment-construction-5.png","width":736,"height":317,"caption":"Blog formation apprentissage construction b\u00e2timent aquitaine"},"image":{"@id":"https:\/\/blog-formation-apprentissage-construction-batiment.fr\/#\/schema\/logo\/image\/"}}]}},"_links":{"self":[{"href":"https:\/\/blog-formation-apprentissage-construction-batiment.fr\/index.php\/wp-json\/wp\/v2\/pages\/667","targetHints":{"allow":["GET"]}}],"collection":[{"href":"https:\/\/blog-formation-apprentissage-construction-batiment.fr\/index.php\/wp-json\/wp\/v2\/pages"}],"about":[{"href":"https:\/\/blog-formation-apprentissage-construction-batiment.fr\/index.php\/wp-json\/wp\/v2\/types\/page"}],"author":[{"embeddable":true,"href":"https:\/\/blog-formation-apprentissage-construction-batiment.fr\/index.php\/wp-json\/wp\/v2\/users\/1"}],"replies":[{"embeddable":true,"href":"https:\/\/blog-formation-apprentissage-construction-batiment.fr\/index.php\/wp-json\/wp\/v2\/comments?post=667"}],"version-history":[{"count":2,"href":"https:\/\/blog-formation-apprentissage-construction-batiment.fr\/index.php\/wp-json\/wp\/v2\/pages\/667\/revisions"}],"predecessor-version":[{"id":669,"href":"https:\/\/blog-formation-apprentissage-construction-batiment.fr\/index.php\/wp-json\/wp\/v2\/pages\/667\/revisions\/669"}],"wp:attachment":[{"href":"https:\/\/blog-formation-apprentissage-construction-batiment.fr\/index.php\/wp-json\/wp\/v2\/media?parent=667"}],"curies":[{"name":"wp","href":"https:\/\/api.w.org\/{rel}","templated":true}]}}