{"id":565,"date":"2019-12-07T02:21:52","date_gmt":"2019-12-07T01:21:52","guid":{"rendered":"http:\/\/blog-formation-apprentissage-construction-batiment-nv-aquitaine.fr\/?page_id=565"},"modified":"2019-12-07T02:47:15","modified_gmt":"2019-12-07T01:47:15","slug":"carreleur","status":"publish","type":"page","link":"https:\/\/blog-formation-apprentissage-construction-batiment.fr\/index.php\/carreleur\/","title":{"rendered":"Carreleur"},"content":{"rendered":"[vc_row][vc_column][vc_column_text]\n<h2 class=\"wp-block-heading\">Le m\u00e9tier de carreleur en b\u00e2timent construction<\/h2>\n<p style=\"text-align: justify;\"><\/p>\n<p style=\"text-align: justify;\">Le carreleur intervient sur le chantier lorsque le gros-\u0153uvre est termin\u00e9. Il s\u2019occupe du rev\u00eatement des surfaces laiss\u00e9es brutes par le ma\u00e7on. Il joue un r\u00f4le important dans la d\u00e9coration et la finition.<\/p>\n<p style=\"text-align: justify;\"><\/p>\n<p style=\"text-align: justify;\">Qu\u2019il r\u00e9alise un ouvrage neuf ou une r\u00e9habilitation, le carreleur met en pratique des savoir-faire compl\u00e9mentaires \u00e0 sa fonction : il ma\u00e7onne, il enduit, il ponce\u2026<\/p>\n<p style=\"text-align: justify;\"><\/p>\n<p style=\"text-align: justify;\">Seul ou en \u00e9quipe, il travaille en int\u00e9rieur dans tous types de locaux : maisons individuelles, immeubles collectifs, h\u00f4pitaux, laboratoires industriels ou piscines et en ext\u00e9rieur sur les fa\u00e7ades, les dallages de jardins, les passages publics ou les d\u00e9cors urbains. Il fa\u00e7onne et pose une grande diversit\u00e9 de mat\u00e9riaux : les gr\u00e8s \u00e9maill\u00e9s ou c\u00e9rames, les fa\u00efences, l\u2019ardoise, les marbres, la terre cuite, les p\u00e2tes de verre, la lave \u00e9maill\u00e9e.<\/p>\n<p style=\"text-align: justify;\"><\/p>\n<p style=\"text-align: justify;\">Il doit \u00eatre capable de r\u00e9ceptionner le support ou de l\u2019am\u00e9liorer (chape, mur\u2026), d\u2019utiliser des colles compatibles avec les supports, de respecter les caract\u00e9ristiques requises des surfaces trait\u00e9es (priv\u00e9, public, sanitaire, handicap, joints de dilatation\u2026) et de mettre en \u0153uvre des \u00e9l\u00e9ments\u00a0d\u00e9coratifs en cuisine, salle de bain (\u2026) requ\u00e9rant une connaissance des styles, adresse et soin (c\u00e9ramique, mosa\u00efque\u2026)<\/p>\n<p style=\"text-align: justify;\"><\/p>\n<p style=\"text-align: justify;\">Le m\u00e9tier exige des talents artistiques mais aussi tr\u00e8s techniques en raison de l\u2019\u00e9volution des produits et des proc\u00e9d\u00e9s de mise en \u0153uvre.<\/p>\n<h1 style=\"text-align: justify;\">FORMATIONS<\/h1>\n<div id=\"formation\" class=\"StyleSheet\" style=\"text-align: justify;\">\n<h2>Dipl\u00f4mes de l\u2019Education nationale<\/h2>\n<p style=\"text-align: justify;\">Ils se pr\u00e9parent principalement en formation initiale que ce soit par voie scolaire ou en apprentissage. Vous pouvez \u00e9galement les obtenir par Validation des Acquis de l\u2019Exp\u00e9rience (VAE).<\/p>\n<h4 class=\"sous_intertitre\">Pour devenir ouvrier professionnel<\/h4>\n<ul class=\"liste_puce\">\n<li>CAP Carreleur mosa\u00efste<\/li>\n<\/ul>\n<h4 class=\"sous_intertitre\">Pour devenir compagnon professionnel<\/h4>\n<ul class=\"liste_puce\">\n<li>BP carrelage mosa\u00efque<\/li>\n<li>Bac pro Am\u00e9nagement et finition du B\u00e2timent<\/li>\n<\/ul>\n<h4 class=\"sous_intertitre\">Pour devenir chef de chantier, conducteur de travaux ou technicien en bureau d\u2019\u00e9tudes<\/h4>\n<ul class=\"liste_puce\">\n<li>BTS Am\u00e9nagement finition<\/li>\n<\/ul>\n<\/div>\n<div id=\"formation\" class=\"StyleSheet\" style=\"text-align: justify;\">\n<h2>Titres Professionnels<\/h2>\n<p style=\"text-align: justify;\">Si vous avez quitt\u00e9 le syst\u00e8me \u00e9ducatif ou que vous souhaitez vous reconvertir, vous pouvez pr\u00e9parer un titre du minist\u00e8re de l\u2019Emploi. La formation est principalement dispens\u00e9e dans des centres de l\u2019AFPA. Vous pouvez suivre la formation \u00e0 temps plein ou dans le cadre de contrats de professionnalisation. Vous pouvez \u00e9galement obtenir les Titres Professionnels par la VAE.<\/p>\n<h4 class=\"sous_intertitre\">Pour devenir ouvrier professionnel<\/h4>\n<ul class=\"liste_puce\">\n<li>Carreleur<\/li>\n<\/ul>\n<h4 class=\"sous_intertitre\">Pour devenir chef d\u2019\u00e9quipe<\/h4>\n<ul class=\"liste_puce\">\n<li>Chef d\u2019\u00e9quipe am\u00e9nagement finitions<\/li>\n<\/ul>\n<h4 class=\"sous_intertitre\">Pour devenir conducteur de travaux ou ing\u00e9nieur en bureau d\u2019\u00e9tudes<\/h4>\n<ul class=\"liste_puce\">\n<li>Technicien de chantier am\u00e9nagement finitions<\/li>\n<li>Conducteur de travaux am\u00e9nagement<\/li>\n<\/ul>\n<\/div>\n<div id=\"formation\" class=\"StyleSheet\">\n<h2 style=\"text-align: justify;\">CQP<\/h2>\n<p>Il s\u2019agit de certifications mises en place par les partenaires sociaux du B\u00e2timent et des Travaux Publics. Il est possible d\u2019y acc\u00e9der apr\u00e8s une formation dans le cadre d\u2019un contrat de professionnalisation ou par la VAE.<\/p>\n<h4 class=\"sous_intertitre\" style=\"text-align: justify;\">Pour devenir Ma\u00eetre ouvrier ou chef d\u2019\u00e9quipe<\/h4>\n<ul class=\"liste_puce\">\n<li style=\"text-align: justify;\">Certificat de Ma\u00eetrise Professionnelle<\/li>\n<li style=\"text-align: justify;\">Carrelage-rev\u00eatement mosa\u00efque<\/li>\n<\/ul>\n<\/div>\n[\/vc_column_text][\/vc_column][\/vc_row][vc_row][vc_column width=\u00a0\u00bb1\/2&Prime;]<div class=\"vcex-module vcex-heading vcex-heading-plain\"><span class=\"vcex-heading-inner clr\">Photo pr\u00e9sentant le m\u00e9tier de carreleur<\/span><\/div>[vc_single_image image=\u00a0\u00bb589&Prime;][\/vc_column][vc_column width=\u00a0\u00bb1\/2&Prime;]<div class=\"vcex-module vcex-heading vcex-heading-plain\"><span class=\"vcex-heading-inner clr\">Vid\u00e9o pr\u00e9sentant le m\u00e9tier de carreleur<\/span><\/div>[vc_video link=\u00a0\u00bbhttps:\/\/youtu.be\/3er1yJU1i2M\u00a0\u00bb][\/vc_column][\/vc_row]\n","protected":false},"excerpt":{"rendered":"<p>[vc_row][vc_column][vc_column_text] Le m\u00e9tier de carreleur en b\u00e2timent construction Le carreleur intervient sur le chantier lorsque le gros-\u0153uvre est termin\u00e9. Il s\u2019occupe du rev\u00eatement des surfaces laiss\u00e9es brutes par le ma\u00e7on. Il joue un r\u00f4le important dans la d\u00e9coration et la&hellip;<\/p>\n","protected":false},"author":1,"featured_media":0,"parent":0,"menu_order":0,"comment_status":"closed","ping_status":"closed","template":"","meta":{"footnotes":""},"class_list":["post-565","page","type-page","status-publish","hentry","entry","no-media"],"yoast_head":"<!-- This site is optimized with the Yoast SEO plugin v25.3 - https:\/\/yoast.com\/wordpress\/plugins\/seo\/ -->\n<title>Carreleur - Blog formation apprentissage construction b\u00e2timent aquitaine<\/title>\n<meta name=\"robots\" content=\"index, follow, max-snippet:-1, max-image-preview:large, max-video-preview:-1\" \/>\n<link rel=\"canonical\" href=\"https:\/\/blog-formation-apprentissage-construction-batiment.fr\/index.php\/carreleur\/\" \/>\n<meta property=\"og:locale\" content=\"fr_FR\" \/>\n<meta property=\"og:type\" content=\"article\" \/>\n<meta property=\"og:title\" content=\"Carreleur - Blog formation apprentissage construction b\u00e2timent aquitaine\" \/>\n<meta property=\"og:description\" content=\"[vc_row][vc_column][vc_column_text] Le m\u00e9tier de carreleur en b\u00e2timent construction Le carreleur intervient sur le chantier lorsque le gros-\u0153uvre est termin\u00e9. Il s\u2019occupe du rev\u00eatement des surfaces laiss\u00e9es brutes par le ma\u00e7on. Il joue un r\u00f4le important dans la d\u00e9coration et la&hellip;\" \/>\n<meta property=\"og:url\" content=\"https:\/\/blog-formation-apprentissage-construction-batiment.fr\/index.php\/carreleur\/\" \/>\n<meta property=\"og:site_name\" content=\"Blog formation apprentissage construction b\u00e2timent aquitaine\" \/>\n<meta property=\"article:modified_time\" content=\"2019-12-07T01:47:15+00:00\" \/>\n<meta name=\"twitter:card\" content=\"summary_large_image\" \/>\n<meta name=\"twitter:label1\" content=\"Dur\u00e9e de lecture estim\u00e9e\" \/>\n\t<meta name=\"twitter:data1\" content=\"3 minutes\" \/>\n<script type=\"application\/ld+json\" class=\"yoast-schema-graph\">{\"@context\":\"https:\/\/schema.org\",\"@graph\":[{\"@type\":\"WebPage\",\"@id\":\"https:\/\/blog-formation-apprentissage-construction-batiment.fr\/index.php\/carreleur\/\",\"url\":\"https:\/\/blog-formation-apprentissage-construction-batiment.fr\/index.php\/carreleur\/\",\"name\":\"Carreleur - Blog formation apprentissage construction b\u00e2timent aquitaine\",\"isPartOf\":{\"@id\":\"https:\/\/blog-formation-apprentissage-construction-batiment.fr\/#website\"},\"datePublished\":\"2019-12-07T01:21:52+00:00\",\"dateModified\":\"2019-12-07T01:47:15+00:00\",\"breadcrumb\":{\"@id\":\"https:\/\/blog-formation-apprentissage-construction-batiment.fr\/index.php\/carreleur\/#breadcrumb\"},\"inLanguage\":\"fr-FR\",\"potentialAction\":[{\"@type\":\"ReadAction\",\"target\":[\"https:\/\/blog-formation-apprentissage-construction-batiment.fr\/index.php\/carreleur\/\"]}]},{\"@type\":\"BreadcrumbList\",\"@id\":\"https:\/\/blog-formation-apprentissage-construction-batiment.fr\/index.php\/carreleur\/#breadcrumb\",\"itemListElement\":[{\"@type\":\"ListItem\",\"position\":1,\"name\":\"Accueil\",\"item\":\"https:\/\/blog-formation-apprentissage-construction-batiment.fr\/\"},{\"@type\":\"ListItem\",\"position\":2,\"name\":\"Carreleur\"}]},{\"@type\":\"WebSite\",\"@id\":\"https:\/\/blog-formation-apprentissage-construction-batiment.fr\/#website\",\"url\":\"https:\/\/blog-formation-apprentissage-construction-batiment.fr\/\",\"name\":\"Blog formation apprentissage construction b\u00e2timent aquitaine\",\"description\":\"trouvez votre formation apprentissage dans les m\u00e9tiers du b\u00e2timent en Nouvelle-Aquitaine\",\"publisher\":{\"@id\":\"https:\/\/blog-formation-apprentissage-construction-batiment.fr\/#organization\"},\"potentialAction\":[{\"@type\":\"SearchAction\",\"target\":{\"@type\":\"EntryPoint\",\"urlTemplate\":\"https:\/\/blog-formation-apprentissage-construction-batiment.fr\/?s={search_term_string}\"},\"query-input\":{\"@type\":\"PropertyValueSpecification\",\"valueRequired\":true,\"valueName\":\"search_term_string\"}}],\"inLanguage\":\"fr-FR\"},{\"@type\":\"Organization\",\"@id\":\"https:\/\/blog-formation-apprentissage-construction-batiment.fr\/#organization\",\"name\":\"Blog formation apprentissage construction b\u00e2timent aquitaine\",\"url\":\"https:\/\/blog-formation-apprentissage-construction-batiment.fr\/\",\"logo\":{\"@type\":\"ImageObject\",\"inLanguage\":\"fr-FR\",\"@id\":\"https:\/\/blog-formation-apprentissage-construction-batiment.fr\/#\/schema\/logo\/image\/\",\"url\":\"https:\/\/blog-formation-apprentissage-construction-batiment.fr\/wp-content\/uploads\/2019\/12\/LOGO-apprentissage-et-formation-batiment-construction-5.png\",\"contentUrl\":\"https:\/\/blog-formation-apprentissage-construction-batiment.fr\/wp-content\/uploads\/2019\/12\/LOGO-apprentissage-et-formation-batiment-construction-5.png\",\"width\":736,\"height\":317,\"caption\":\"Blog formation apprentissage construction b\u00e2timent aquitaine\"},\"image\":{\"@id\":\"https:\/\/blog-formation-apprentissage-construction-batiment.fr\/#\/schema\/logo\/image\/\"}}]}<\/script>\n<!-- \/ Yoast SEO plugin. -->","yoast_head_json":{"title":"Carreleur - Blog formation apprentissage construction b\u00e2timent aquitaine","robots":{"index":"index","follow":"follow","max-snippet":"max-snippet:-1","max-image-preview":"max-image-preview:large","max-video-preview":"max-video-preview:-1"},"canonical":"https:\/\/blog-formation-apprentissage-construction-batiment.fr\/index.php\/carreleur\/","og_locale":"fr_FR","og_type":"article","og_title":"Carreleur - Blog formation apprentissage construction b\u00e2timent aquitaine","og_description":"[vc_row][vc_column][vc_column_text] Le m\u00e9tier de carreleur en b\u00e2timent construction Le carreleur intervient sur le chantier lorsque le gros-\u0153uvre est termin\u00e9. Il s\u2019occupe du rev\u00eatement des surfaces laiss\u00e9es brutes par le ma\u00e7on. Il joue un r\u00f4le important dans la d\u00e9coration et la&hellip;","og_url":"https:\/\/blog-formation-apprentissage-construction-batiment.fr\/index.php\/carreleur\/","og_site_name":"Blog formation apprentissage construction b\u00e2timent aquitaine","article_modified_time":"2019-12-07T01:47:15+00:00","twitter_card":"summary_large_image","twitter_misc":{"Dur\u00e9e de lecture estim\u00e9e":"3 minutes"},"schema":{"@context":"https:\/\/schema.org","@graph":[{"@type":"WebPage","@id":"https:\/\/blog-formation-apprentissage-construction-batiment.fr\/index.php\/carreleur\/","url":"https:\/\/blog-formation-apprentissage-construction-batiment.fr\/index.php\/carreleur\/","name":"Carreleur - Blog formation apprentissage construction b\u00e2timent aquitaine","isPartOf":{"@id":"https:\/\/blog-formation-apprentissage-construction-batiment.fr\/#website"},"datePublished":"2019-12-07T01:21:52+00:00","dateModified":"2019-12-07T01:47:15+00:00","breadcrumb":{"@id":"https:\/\/blog-formation-apprentissage-construction-batiment.fr\/index.php\/carreleur\/#breadcrumb"},"inLanguage":"fr-FR","potentialAction":[{"@type":"ReadAction","target":["https:\/\/blog-formation-apprentissage-construction-batiment.fr\/index.php\/carreleur\/"]}]},{"@type":"BreadcrumbList","@id":"https:\/\/blog-formation-apprentissage-construction-batiment.fr\/index.php\/carreleur\/#breadcrumb","itemListElement":[{"@type":"ListItem","position":1,"name":"Accueil","item":"https:\/\/blog-formation-apprentissage-construction-batiment.fr\/"},{"@type":"ListItem","position":2,"name":"Carreleur"}]},{"@type":"WebSite","@id":"https:\/\/blog-formation-apprentissage-construction-batiment.fr\/#website","url":"https:\/\/blog-formation-apprentissage-construction-batiment.fr\/","name":"Blog formation apprentissage construction b\u00e2timent aquitaine","description":"trouvez votre formation apprentissage dans les m\u00e9tiers du b\u00e2timent en Nouvelle-Aquitaine","publisher":{"@id":"https:\/\/blog-formation-apprentissage-construction-batiment.fr\/#organization"},"potentialAction":[{"@type":"SearchAction","target":{"@type":"EntryPoint","urlTemplate":"https:\/\/blog-formation-apprentissage-construction-batiment.fr\/?s={search_term_string}"},"query-input":{"@type":"PropertyValueSpecification","valueRequired":true,"valueName":"search_term_string"}}],"inLanguage":"fr-FR"},{"@type":"Organization","@id":"https:\/\/blog-formation-apprentissage-construction-batiment.fr\/#organization","name":"Blog formation apprentissage construction b\u00e2timent aquitaine","url":"https:\/\/blog-formation-apprentissage-construction-batiment.fr\/","logo":{"@type":"ImageObject","inLanguage":"fr-FR","@id":"https:\/\/blog-formation-apprentissage-construction-batiment.fr\/#\/schema\/logo\/image\/","url":"https:\/\/blog-formation-apprentissage-construction-batiment.fr\/wp-content\/uploads\/2019\/12\/LOGO-apprentissage-et-formation-batiment-construction-5.png","contentUrl":"https:\/\/blog-formation-apprentissage-construction-batiment.fr\/wp-content\/uploads\/2019\/12\/LOGO-apprentissage-et-formation-batiment-construction-5.png","width":736,"height":317,"caption":"Blog formation apprentissage construction b\u00e2timent aquitaine"},"image":{"@id":"https:\/\/blog-formation-apprentissage-construction-batiment.fr\/#\/schema\/logo\/image\/"}}]}},"_links":{"self":[{"href":"https:\/\/blog-formation-apprentissage-construction-batiment.fr\/index.php\/wp-json\/wp\/v2\/pages\/565","targetHints":{"allow":["GET"]}}],"collection":[{"href":"https:\/\/blog-formation-apprentissage-construction-batiment.fr\/index.php\/wp-json\/wp\/v2\/pages"}],"about":[{"href":"https:\/\/blog-formation-apprentissage-construction-batiment.fr\/index.php\/wp-json\/wp\/v2\/types\/page"}],"author":[{"embeddable":true,"href":"https:\/\/blog-formation-apprentissage-construction-batiment.fr\/index.php\/wp-json\/wp\/v2\/users\/1"}],"replies":[{"embeddable":true,"href":"https:\/\/blog-formation-apprentissage-construction-batiment.fr\/index.php\/wp-json\/wp\/v2\/comments?post=565"}],"version-history":[{"count":3,"href":"https:\/\/blog-formation-apprentissage-construction-batiment.fr\/index.php\/wp-json\/wp\/v2\/pages\/565\/revisions"}],"predecessor-version":[{"id":590,"href":"https:\/\/blog-formation-apprentissage-construction-batiment.fr\/index.php\/wp-json\/wp\/v2\/pages\/565\/revisions\/590"}],"wp:attachment":[{"href":"https:\/\/blog-formation-apprentissage-construction-batiment.fr\/index.php\/wp-json\/wp\/v2\/media?parent=565"}],"curies":[{"name":"wp","href":"https:\/\/api.w.org\/{rel}","templated":true}]}}